s of 127237?
11, 43, 269
What are the prime factors of 21995788?
2, 5498947
What are the prime factors of 529769?
67, 7907
What are the prime factors of 800149?
7, 151, 757
What are the prime factors of 2071365?
3, 5, 17, 8123
What are the prime factors of 233416?
2, 163, 179
List the prime factors of 11872171.
17, 43, 109, 149
List the prime factors of 7651272.
2, 3, 23, 83, 167
List the prime factors of 5476990.
2, 5, 23, 23813
List the prime factors of 18071929.
18071929
List the prime factors of 191801.
191801
What are the prime factors of 7584550?
2, 5, 17, 8923
What are the prime factors of 119989?
97, 1237
What are the prime factors of 5086448?
2, 317903
What are the prime factors of 933444?
2, 3, 43, 67
What are the prime factors of 811162?
2, 11, 36871
List the prime factors of 194469.
3, 11, 71, 83
What are the prime factors of 14431259?
14431259
List the prime factors of 533101.
263, 2027
List the prime factors of 710920.
2, 5, 7, 2539
List the prime factors of 282262.
2, 141131
List the prime factors of 2748732.
2, 3, 7, 43, 761
List the prime factors of 465449.
67, 6947
List the prime factors of 178797.
3, 107, 557
What are the prime factors of 1349003?
1349003
What are the prime factors of 1226570?
2, 5, 173, 709
List the prime factors of 1981401.
3, 17, 38851
What are the prime factors of 10401185?
5, 2080237
List the prime factors of 20862408.
2, 3, 7, 124181
What are the prime factors of 551191?
17, 32423
List the prime factors of 18033253.
7, 641, 4019
List the prime factors of 213785.
5, 11, 13, 23
What are the prime factors of 272636?
2, 7, 13, 107
What are the prime factors of 7845505?
5, 1569101
List the prime factors of 282278.
2, 53, 2663
List the prime factors of 17202678.
2, 3, 577, 4969
List the prime factors of 20897967.
3, 19, 366631
What are the prime factors of 8860965?
3, 5, 487, 1213
What are the prime factors of 1548750?
2, 3, 5, 7, 59
List the prime factors of 1403434.
2, 43, 16319
What are the prime factors of 3971626?
2, 67, 107, 277
List the prime factors of 23294276.
2, 5823569
What are the prime factors of 1018432?
2, 15913
List the prime factors of 228547.
11, 79, 263
What are the prime factors of 5537393?
17, 325729
List the prime factors of 110614.
2, 7, 7901
What are the prime factors of 397376?
2, 7, 887
List the prime factors of 716440.
2, 5, 17911
List the prime factors of 1382684.
2, 41, 8431
What are the prime factors of 92445?
3, 5, 6163
What are the prime factors of 29261936?
2, 11, 53, 3137
What are the prime factors of 4890612?
2, 3, 109, 3739
What are the prime factors of 3706484?
2, 31, 71, 421
What are the prime factors of 38753?
11, 13, 271
What are the prime factors of 682609?
41, 16649
List the prime factors of 5307771.
3, 7, 197, 1283
What are the prime factors of 2371724?
2, 592931
List the prime factors of 1098872.
2, 137359
What are the prime factors of 42245?
5, 7, 17, 71
List the prime factors of 6939403.
59, 117617
What are the prime factors of 1420437?
3, 473479
What are the prime factors of 1264324?
2, 17, 18593
What are the prime factors of 390848?
2, 31, 197
List the prime factors of 3449369.
7, 11, 44797
What are the prime factors of 6189718?
2, 3094859
What are the prime factors of 180384?
2, 3, 1879
List the prime factors of 84053.
84053
List the prime factors of 410871.
3, 151, 907
List the prime factors of 921403.
7, 23, 59, 97
List the prime factors of 315518.
2, 7, 31, 727
List the prime factors of 134995.
5, 7, 19, 29
What are the prime factors of 661680?
2, 3, 5, 919
What are the prime factors of 283737?
3, 271, 349
List the prime factors of 738256.
2, 46141
What are the prime factors of 14767098?
2, 3, 31, 79393
List the prime factors of 322761.
3, 271, 397
List the prime factors of 187332.
2, 3, 67, 233
List the prime factors of 9512504.
2, 1189063
What are the prime factors of 867708?
2, 3, 24103
What are the prime factors of 3763950?
2, 3, 5, 23, 1091
What are the prime factors of 700203?
3, 7, 33343
List the prime factors of 20285214.
2, 3, 3380869
List the prime factors of 2815649.
2815649
List the prime factors of 369075.
3, 5, 7, 19, 37
List the prime factors of 6993014.
2, 7, 457, 1093
What are the prime factors of 246187?
246187
What are the prime factors of 363826?
2, 181913
List the prime factors of 21810176.
2, 19, 59
List the prime factors of 3249388.
2, 812347
List the prime factors of 410694.
2, 3, 68449
List the prime factors of 441544.
2, 97, 569
List the prime factors of 524176.
2, 181
What are the prime factors of 3219444?
2, 3, 37, 2417
What are the prime factors of 314322?
2, 3, 52387
What are the prime factors of 3619323?
3, 44683
List the prime factors of 82408.
2, 10301
What are the prime factors of 252130?
2, 5, 19, 1327
List the prime factors of 3314689.
7, 473527
What are the prime factors of 2414006?
2, 7, 269, 641
What are the prime factors of 1425997?
61, 97, 241
List the prime factors of 189186.
2, 3, 31531
List the prime factors of 5643410.
2, 5, 67, 8423
List the prime factors of 1419686.
2, 709843
List the prime factors of 3893915.
5, 103, 7561
What are the prime factors of 166205?
5, 13, 2557
What are the prime factors of 6331393?
2213, 2861
List the prime factors of 586915.
5, 7, 41, 409
List the prime factors of 132214.
2, 66107
What are the prime factors of 171272?
2, 79, 271
List the prime factors of 288088.
2, 36011
List the prime factors of 6514015.
5, 1302803
List the prime factors of 192601.
192601
List the prime factors of 120987.
3, 4481
What are the prime factors of 14362503?
3, 101, 107, 443
What are the prime factors of 5651185?
5, 1130237
What are the prime factors of 2036021?
13, 19, 8243
List the prime factors of 10033580.
2, 5, 199, 2521
List the prime factors of 359781.
3, 43, 2789
What are the prime factors of 6689880?
2, 3, 5, 18583
What are the prime factors of 12739535?
5, 1429, 1783
What are the prime factors of 36545712?
2, 3, 7, 23, 4729
What are the prime factors of 99177?
3, 13, 2543
What are the prime factors of 1069567?
19, 41, 1373
List the prime factors of 1015766.
2, 507883
List the prime factors of 95454.
2, 3, 5303
List the prime factors of 6925.
5, 277
What are the prime factors of 13396390?
2, 5, 7, 211, 907
List the prime factors of 296162.
2, 373, 397
List the prime factors of 30647686.
2, 15323843
List the prime factors of 394025.
5, 15761
List the prime factors of 2328238.
2, 11, 105829
List the prime factors of 7861221.
3, 873469
List the prime factors of 338858.
2, 13, 13033
What are the prime factors of 135907?
19, 23, 311
List the prime factors of 7282215.
3, 5, 41, 3947
List the prime factors of 2855645.
5, 13, 43933
List the prime factors of 292489.
292489
List the prime factors of 6465896.
2, 808237
List the prime factors of 1449807.
3, 59, 8191
List the prime factors of 1712436.
2, 3, 11, 12973
List the prime factors of 46593.
3, 31, 167
What are the prime factors of 783189?
3, 11, 293
List the prime factors of 230769.
3, 7, 11, 37
What are the prime factors of 3000850?
2, 5, 60017
What are the prime factors of 1447496?
2, 19, 89, 107
What are the prime factors of 86633?
41, 2113
What are the prime factors of 2076810?
2, 3, 5, 37, 1871
List the prime factors of 560006.
2, 19, 14737
What are the prime factors of 268585?
5, 53717
What are the prime factors of 878237?
17, 19, 2719
What are the prime factors of 18507?
3, 31, 199
What are the prime factors of 1476469?
1476469
What are the prime factors of 23141948?
2, 113, 51199
What are the prime factors of 588782?
2, 294391
List the prime factors of 7979886.
2, 3, 19, 23333
List the prime factors of 19194973.
7, 2742139
List the prime factors of 816921.
3, 7, 12967
What are the prime factors of 53295?
3, 5, 11, 17, 19
List the prime factors of 6187206.
2, 3, 317, 3253
What are the prime factors of 73112?
2, 13, 19, 37
What are the prime factors of 1166219?
1166219
What are the prime factors of 2652642?
2, 3, 49123
What are the prime factors of 320341?
7, 45763
What are the prime factors of 3721406?
2, 13, 41, 3491
List the prime factors of 84066.
2, 3, 14011
List the prime factors of 343404.
2, 3, 9539
List the prime factors of 283958.
2, 23, 6173
List the prime factors of 1105219.
23, 29, 1657
What are the prime factors of 4058317